tens digit of 709023?
2
What is the hundreds digit of 604550?
5
What is the units digit of 3311?
1
What is the hundred thousands digit of 1079864?
0
What is the ten thousands digit of 24480100?
8
What is the tens digit of 429610?
1
What is the units digit of 128385?
5
What is the ten thousands digit of 5753880?
5
What is the units digit of 3311871?
1
What is the hundreds digit of 62223?
2
What is the ten millions digit of 21756285?
2
What is the ten thousands digit of 322536?
2
What is the ten thousands digit of 856682?
5
What is the millions digit of 1165963?
1
What is the hundreds digit of 201396?
3
What is the hundred thousands digit of 188618?
1
What is the thousands digit of 404520?
4
What is the ten thousands digit of 609513?
0
What is the thousands digit of 471696?
1
What is the hundred thousands digit of 159097?
1
What is the thousands digit of 5187?
5
What is the tens digit of 2925344?
4
What is the thousands digit of 6761676?
1
What is the hundreds digit of 5285528?
5
What is the tens digit of 1278319?
1
What is the ten millions digit of 10612955?
1
What is the hundred thousands digit of 1878723?
8
What is the hundred thousands digit of 686081?
6
What is the tens digit of 2625273?
7
What is the hundreds digit of 1347354?
3
What is the ten thousands digit of 552938?
5
What is the units digit of 605995?
5
What is the hundred thousands digit of 421664?
4
What is the hundreds digit of 9115400?
4
What is the hundreds digit of 2528055?
0
What is the tens digit of 3961010?
1
What is the tens digit of 241996?
9
What is the thousands digit of 2591815?
1
What is the millions digit of 1344400?
1
What is the units digit of 4375456?
6
What is the ten thousands digit of 446480?
4
What is the tens digit of 51168?
6
What is the millions digit of 6246058?
6
What is the tens digit of 363200?
0
What is the millions digit of 6552796?
6
What is the hundreds digit of 1682366?
3
What is the tens digit of 312237?
3
What is the thousands digit of 903543?
3
What is the tens digit of 250718?
1
What is the hundreds digit of 367896?
8
What is the ten thousands digit of 93514?
9
What is the thousands digit of 100981?
0
What is the thousands digit of 3320095?
0
What is the hundreds digit of 10010244?
2
What is the hundreds digit of 691300?
3
What is the tens digit of 1910784?
8
What is the thousands digit of 1278910?
8
What is the ten thousands digit of 2003240?
0
What is the hundreds digit of 17621?
6
What is the thousands digit of 4816940?
6
What is the thousands digit of 18624608?
4
What is the ten millions digit of 17107974?
1
What is the thousands digit of 1234143?
4
What is the hundreds digit of 1304342?
3
What is the thousands digit of 3246629?
6
What is the units digit of 318898?
8
What is the tens digit of 672846?
4
What is the units digit of 5217019?
9
What is the hundred thousands digit of 1304456?
3
What is the hundreds digit of 1491785?
7
What is the millions digit of 1029077?
1
What is the units digit of 120426?
6
What is the ten thousands digit of 1645629?
4
What is the thousands digit of 262739?
2
What is the ten thousands digit of 899591?
9
What is the hundreds digit of 2724120?
1
What is the tens digit of 462412?
1
What is the hundreds digit of 994954?
9
What is the ten thousands digit of 235211?
3
What is the units digit of 86915?
5
What is the thousands digit of 1844436?
4
What is the hundred thousands digit of 1920137?
9
What is the hundreds digit of 3556520?
5
What is the units digit of 1633307?
7
What is the units digit of 80631?
1
What is the hundred thousands digit of 24465535?
4
What is the hundreds digit of 422699?
6
What is the units digit of 501947?
7
What is the hundreds digit of 193176?
1
What is the hundred thousands digit of 290588?
2
What is the millions digit of 6904206?
6
What is the hundred thousands digit of 217589?
2
What is the hundred thousands digit of 352406?
3
What is the hundreds digit of 34460863?
8
What is the hundreds digit of 48054?
0
What is the ten millions digit of 28988293?
2
What is the tens digit of 168887?
8
What is the thousands digit of 976401?
6
What is the thousands digit of 1844097?
4
What is the hundred thousands digit of 9081191?
0
What is the thousands digit of 16104019?
4
What is the thousands digit of 423952?
3
What is the tens digit of 1838211?
1
What is the units digit of 2963606?
6
What is the hundreds digit of 2693942?
9
What is the hundreds digit of 21437219?
2
What is the tens digit of 93000?
0
What is the hundred thousands digit of 960391?
9
What is the tens digit of 18180183?
8
What is the ten thousands digit of 409974?
0
What is the hundreds digit of 11772443?
4
What is the ten thousands digit of 119347?
1
What is the millions digit of 2524084?
2
What is the units digit of 237219?
9
What is the units digit of 1077139?
9
What is the millions digit of 2283798?
2
What is the tens digit of 1320711?
1
What is the units digit of 215331?
1
What is the ten thousands digit of 3318819?
1
What is the thousands digit of 81307?
1
What is the ten thousands digit of 737499?
3
What is the ten thousands digit of 40940307?
4
What is the hundred thousands digit of 429340?
4
What is the millions digit of 2855754?
2
What is the hundred thousands digit of 308823?
3
What is the thousands digit of 17285708?
5
What is the units digit of 192088?
8
What is the thousands digit of 2636928?
6
What is the ten thousands digit of 310563?
1
What is the thousands digit of 1222135?
2
What is the millions digit of 5624671?
5
What is the hundreds digit of 194313?
3
What is the tens digit of 28379004?
0
What is the ten thousands digit of 2298279?
9
What is the hundreds digit of 473435?
4
What is the ten thousands digit of 148259?
4
What is the hundred thousands digit of 7479974?
4
What is the hundred thousands digit of 38342915?
3
What is the tens digit of 10119310?
1
What is the ten thousands digit of 2825083?
2
What is the millions digit of 5479951?
5
What is the thousands digit of 2774963?
4
What is the ten thousands digit of 1307551?
0
What is the units digit of 212233?
3
What is the ten thousands digit of 1104110?
0
What is the hundred thousands digit of 9060442?
0
What is the thousands digit of 5316647?
6
What is the thousands digit of 410059?
0
What is the millions digit of 4359620?
4
What is the tens digit of 18290873?
7
What is the thousands digit of 20211625?
1
What is the ten thousands digit of 20537343?
3
What is the hundreds digit of 846162?
1
What is the units digit of 142677?
7
What is the tens digit of 1135070?
7
What is the units digit of 3014058?
8
What is the ten thousands digit of 1600604?
0
What is the units digit of 1165517?
7
What is the ten thousands digit of 4527048?
2
What is the hundred thousands digit of 4482915?
4
What is the hundreds digit of 105701?
7
What is the hundred thousands digit of 1599380?
5
What is the tens digit of 1417241?
4
What is the thousands digit of 291107?
1
What is the hundred thousands digit of 732303?
7
What is the hundreds digit of 17972392?
3
What is the ten thousands digit of 276785?
7
What is the hundreds digit of 2282504?
5
What is the hundreds digit of 3470733?
7
What is the tens digit of 2362193?
9
What is the hundreds digit of 192131?
1
What is the thousands digit of 2786502?
6
What is the ten thousands digit of 246089?
4
What is the units digit of 19612039?
9
What is the hundreds digit of 2391164?
1
What is the ten thousands digit of 11152077?
5
What is the ten thousands digit of 808560?
0
What is the units digit of 430142?
2
What is the thousands digit of 7437905?
7
What is the units digit of 328510?
0
What is the millions digit of 2339596?
2
What is the ten thousands digit of 52107?
5
What is the hundred thousands digit of 3119019?
1
What is the tens digit of 8338690?
9
What is the units digit of 9332735?
5
What is the units digit of 17906990?
0
What is the hundred thousands digit of 537179?
5
What is the units digit of 189623?
3
What is the tens digit of 770170?
7
What is the hundreds digit of 6220879?
8
What is the tens digit of 305741?
4
What is the hundreds digit of 9274398?
3
What is the thousands digit of 2729254?
9
What is the thousands digit of 17982370?
2
What is the hundreds digit of 1073916?
9
What is the hundred thousands digit of 118461?
1
What is 